{"id":4964,"date":"2025-02-26T21:39:13","date_gmt":"2025-02-26T21:39:13","guid":{"rendered":"https:\/\/monpari.pl\/?post_type=product&#038;p=4964"},"modified":"2025-04-03T12:16:23","modified_gmt":"2025-04-03T12:16:23","slug":"atomizer-na-perfumy-przenosna-buteleczka-do-napelniania-niebieski","status":"publish","type":"product","link":"https:\/\/monpari.pl\/index.php\/produkt\/atomizer-na-perfumy-przenosna-buteleczka-do-napelniania-niebieski\/","title":{"rendered":"Atomizer na Perfumy \u2013 Przeno\u015bna Buteleczka do Nape\u0142niania NIEBIESKI"},"content":{"rendered":"<h3>\u2728<strong>Atomizer na Perfumy \u2013 Przeno\u015bna Buteleczka do Nape\u0142niania<\/strong>\u2728<\/h3>\n<p>\ud83d\udca8 Idealny spos\u00f3b na ulubione perfumy zawsze pod r\u0119k\u0105!<\/p>\n<p>Szukasz wygodnego i stylowego rozwi\u0105zania do przechowywania perfum? <strong data-start=\"199\" data-end=\"221\">Przeno\u015bny atomizer<\/strong> to must-have dla ka\u017cdego, kto ceni sobie \u015bwie\u017co\u015b\u0107 zapachu w ka\u017cdej sytuacji!<\/p>\n<h6 style=\"text-align: left;\"><strong>\ud83d\udd35<\/strong><strong>KOLOR:<\/strong> Jasno Niebieski<\/h6>\n<h4 style=\"text-align: left;\"><strong>\u2728 Dlaczego warto?<\/strong><\/h4>\n<p><b>\u2705<\/b><strong data-start=\"330\" data-end=\"351\">\u0141atwe nape\u0142nianie<\/strong> \u2013 szybkie i wygodne uzupe\u0142nianie perfum bez rozlewania<br data-start=\"406\" data-end=\"409\" \/><b><\/b><\/p>\n<p><strong data-start=\"411\" data-end=\"433\"><b>\u2705<\/b>Kompaktowy rozmiar<\/strong> \u2013 idealny do torebki, kieszeni czy baga\u017cu podr\u0119cznego<br data-start=\"487\" data-end=\"490\" \/><b><\/b><\/p>\n<p><strong data-start=\"492\" data-end=\"512\"><b>\u2705<\/b>Elegancki design<\/strong> \u2013 stylowa metalowa obudowa w nowoczesnym kolorze<br data-start=\"561\" data-end=\"564\" \/><b><\/b><\/p>\n<p><strong data-start=\"566\" data-end=\"591\"><b>\u2705<\/b>Przezroczyste okienko<\/strong> \u2013 pozwala kontrolowa\u0107 ilo\u015b\u0107 pozosta\u0142ego p\u0142ynu<br data-start=\"637\" data-end=\"640\" data-is-only-node=\"\" \/><b><\/b><\/p>\n<p><strong data-start=\"642\" data-end=\"665\"><b>\u2705<\/b>Pojemno\u015b\u0107: ok. 5 ml<\/strong> \u2013 wystarcza na wiele aplikacji<\/p>\n<p><strong data-start=\"642\" data-end=\"665\"><b>\u2705Wymiary: <\/b><\/strong>wysoko\u015b\u0107 8 cm, szeroko\u015b\u0107 1,7 cm<\/p>\n<p data-start=\"700\" data-end=\"925\">\ud83d\udccc <strong data-start=\"703\" data-end=\"718\">Jak u\u017cywa\u0107?<\/strong><br data-start=\"718\" data-end=\"721\" \/>1\ufe0f\u20e3 Zdejmij nasadk\u0119 z g\u0142\u00f3wnego flakonu perfum.<br data-start=\"767\" data-end=\"770\" \/>2\ufe0f\u20e3 Umie\u015b\u0107 doln\u0105 cz\u0119\u015b\u0107 atomizera na dyszy flakonu.<br data-start=\"820\" data-end=\"823\" \/>3\ufe0f\u20e3 Naciskaj, a\u017c pojemnik si\u0119 nape\u0142ni.<br data-start=\"861\" data-end=\"864\" \/>4\ufe0f\u20e3 Gotowe! Ciesz si\u0119 ulubionym zapachem zawsze i wsz\u0119dzie.<\/p>\n<p data-start=\"927\" data-end=\"981\">\ud83c\udf81 <strong data-start=\"930\" data-end=\"979\">Idealny na prezent lub do codziennego u\u017cytku!<\/strong><\/p>\n<p data-start=\"983\" data-end=\"1048\">\ud83d\uded2 <strong data-start=\"986\" data-end=\"1046\">Dodaj do koszyka i miej swoje perfumy zawsze przy sobie!<\/strong><\/p>\n<p>&nbsp;<\/p>\n<p>&nbsp;<\/p>\n<p>&nbsp;<\/p>\n<p data-start=\"837\" data-end=\"982\">\n","protected":false},"excerpt":{"rendered":"<h6>\u2728Idealny spos\u00f3b na ulubione perfumy zawsze pod r\u0119k\u0105!\u2728<\/h6>\n","protected":false},"featured_media":4966,"comment_status":"closed","ping_status":"closed","template":"","meta":{"_seopress_robots_primary_cat":"none","_seopress_titles_title":"Atomizer na Perfumy \u2013 Przeno\u015bna Buteleczka do Nape\u0142niania","_seopress_titles_desc":"Szukasz wygodnego, stylowego rozwi\u0105zania do przechowywania perfum? Przeno\u015bny atomizer to must-have dla ka\u017cdego, kto ceni sobie \u015bwie\u017co\u015b\u0107 zapachu w ka\u017cdej sytuacji!","_seopress_robots_index":""},"product_brand":[],"product_cat":[15],"product_tag":[],"class_list":{"0":"post-4964","1":"product","2":"type-product","3":"status-publish","4":"has-post-thumbnail","6":"product_cat-bez-kategorii","8":"first","9":"instock","10":"taxable","11":"shipping-taxable","12":"purchasable","13":"product-type-simple"},"yoast_head":"<!-- This site is optimized with the Yoast SEO plugin v27.4 - https:\/\/yoast.com\/product\/yoast-seo-wordpress\/ -->\n<title>Atomizer na Perfumy \u2013 Przeno\u015bna Buteleczka do Nape\u0142niania NIEBIESKI - Monpari.pl<\/title>\n<meta name=\"robots\" content=\"index, follow, max-snippet:-1, max-image-preview:large, max-video-preview:-1\" \/>\n<link rel=\"canonical\" href=\"https:\/\/monpari.pl\/index.php\/produkt\/atomizer-na-perfumy-przenosna-buteleczka-do-napelniania-niebieski\/\" \/>\n<meta property=\"og:locale\" content=\"pl_PL\" \/>\n<meta property=\"og:type\" content=\"article\" \/>\n<meta property=\"og:title\" content=\"Atomizer na Perfumy \u2013 Przeno\u015bna Buteleczka do Nape\u0142niania NIEBIESKI - Monpari.pl\" \/>\n<meta property=\"og:description\" content=\"\u2728Idealny spos\u00f3b na ulubione perfumy zawsze pod r\u0119k\u0105!\u2728\" \/>\n<meta property=\"og:url\" content=\"https:\/\/monpari.pl\/index.php\/produkt\/atomizer-na-perfumy-przenosna-buteleczka-do-napelniania-niebieski\/\" \/>\n<meta property=\"og:site_name\" content=\"Monpari.pl\" \/>\n<meta property=\"article:modified_time\" content=\"2025-04-03T12:16:23+00:00\" \/>\n<meta property=\"og:image\" content=\"https:\/\/monpari.pl\/wp-content\/uploads\/2025\/02\/atomizer-przenosna-buteleczka-na-perfumy-3.png\" \/>\n\t<meta property=\"og:image:width\" content=\"1200\" \/>\n\t<meta property=\"og:image:height\" content=\"1200\" \/>\n\t<meta property=\"og:image:type\" content=\"image\/png\" \/>\n<meta name=\"twitter:card\" content=\"summary_large_image\" \/>\n<meta name=\"twitter:label1\" content=\"Szacowany czas czytania\" \/>\n\t<meta name=\"twitter:data1\" content=\"1 minuta\" \/>\n<script type=\"application\/ld+json\" class=\"yoast-schema-graph\">{\"@context\":\"https:\\\/\\\/schema.org\",\"@graph\":[{\"@type\":\"WebPage\",\"@id\":\"https:\\\/\\\/monpari.pl\\\/index.php\\\/produkt\\\/atomizer-na-perfumy-przenosna-buteleczka-do-napelniania-niebieski\\\/\",\"url\":\"https:\\\/\\\/monpari.pl\\\/index.php\\\/produkt\\\/atomizer-na-perfumy-przenosna-buteleczka-do-napelniania-niebieski\\\/\",\"name\":\"Atomizer na Perfumy \u2013 Przeno\u015bna Buteleczka do Nape\u0142niania NIEBIESKI - Monpari.pl\",\"isPartOf\":{\"@id\":\"https:\\\/\\\/monpari.pl\\\/#website\"},\"primaryImageOfPage\":{\"@id\":\"https:\\\/\\\/monpari.pl\\\/index.php\\\/produkt\\\/atomizer-na-perfumy-przenosna-buteleczka-do-napelniania-niebieski\\\/#primaryimage\"},\"image\":{\"@id\":\"https:\\\/\\\/monpari.pl\\\/index.php\\\/produkt\\\/atomizer-na-perfumy-przenosna-buteleczka-do-napelniania-niebieski\\\/#primaryimage\"},\"thumbnailUrl\":\"https:\\\/\\\/monpari.pl\\\/wp-content\\\/uploads\\\/2025\\\/02\\\/atomizer-przenosna-buteleczka-na-perfumy-3.png\",\"datePublished\":\"2025-02-26T21:39:13+00:00\",\"dateModified\":\"2025-04-03T12:16:23+00:00\",\"breadcrumb\":{\"@id\":\"https:\\\/\\\/monpari.pl\\\/index.php\\\/produkt\\\/atomizer-na-perfumy-przenosna-buteleczka-do-napelniania-niebieski\\\/#breadcrumb\"},\"inLanguage\":\"pl-PL\",\"potentialAction\":[{\"@type\":\"ReadAction\",\"target\":[\"https:\\\/\\\/monpari.pl\\\/index.php\\\/produkt\\\/atomizer-na-perfumy-przenosna-buteleczka-do-napelniania-niebieski\\\/\"]}]},{\"@type\":\"ImageObject\",\"inLanguage\":\"pl-PL\",\"@id\":\"https:\\\/\\\/monpari.pl\\\/index.php\\\/produkt\\\/atomizer-na-perfumy-przenosna-buteleczka-do-napelniania-niebieski\\\/#primaryimage\",\"url\":\"https:\\\/\\\/monpari.pl\\\/wp-content\\\/uploads\\\/2025\\\/02\\\/atomizer-przenosna-buteleczka-na-perfumy-3.png\",\"contentUrl\":\"https:\\\/\\\/monpari.pl\\\/wp-content\\\/uploads\\\/2025\\\/02\\\/atomizer-przenosna-buteleczka-na-perfumy-3.png\",\"width\":1200,\"height\":1200},{\"@type\":\"BreadcrumbList\",\"@id\":\"https:\\\/\\\/monpari.pl\\\/index.php\\\/produkt\\\/atomizer-na-perfumy-przenosna-buteleczka-do-napelniania-niebieski\\\/#breadcrumb\",\"itemListElement\":[{\"@type\":\"ListItem\",\"position\":1,\"name\":\"Strona g\u0142\u00f3wna\",\"item\":\"https:\\\/\\\/monpari.pl\\\/\"},{\"@type\":\"ListItem\",\"position\":2,\"name\":\"Sklep\",\"item\":\"https:\\\/\\\/monpari.pl\\\/index.php\\\/sklep\\\/\"},{\"@type\":\"ListItem\",\"position\":3,\"name\":\"Atomizer na Perfumy \u2013 Przeno\u015bna Buteleczka do Nape\u0142niania NIEBIESKI\"}]},{\"@type\":\"WebSite\",\"@id\":\"https:\\\/\\\/monpari.pl\\\/#website\",\"url\":\"https:\\\/\\\/monpari.pl\\\/\",\"name\":\"monpari.pl\",\"description\":\"Klipsy, kolczyki, bi\u017cuteria dla dzieci, artyku\u0142y z postaciami popularnych bajek, prezenty\",\"publisher\":{\"@id\":\"https:\\\/\\\/monpari.pl\\\/#organization\"},\"potentialAction\":[{\"@type\":\"SearchAction\",\"target\":{\"@type\":\"EntryPoint\",\"urlTemplate\":\"https:\\\/\\\/monpari.pl\\\/?s={search_term_string}\"},\"query-input\":{\"@type\":\"PropertyValueSpecification\",\"valueRequired\":true,\"valueName\":\"search_term_string\"}}],\"inLanguage\":\"pl-PL\"},{\"@type\":\"Organization\",\"@id\":\"https:\\\/\\\/monpari.pl\\\/#organization\",\"name\":\"monpari.pl\",\"url\":\"https:\\\/\\\/monpari.pl\\\/\",\"logo\":{\"@type\":\"ImageObject\",\"inLanguage\":\"pl-PL\",\"@id\":\"https:\\\/\\\/monpari.pl\\\/#\\\/schema\\\/logo\\\/image\\\/\",\"url\":\"https:\\\/\\\/monpari.pl\\\/wp-content\\\/uploads\\\/2023\\\/09\\\/MONPARI.png\",\"contentUrl\":\"https:\\\/\\\/monpari.pl\\\/wp-content\\\/uploads\\\/2023\\\/09\\\/MONPARI.png\",\"width\":660,\"height\":378,\"caption\":\"monpari.pl\"},\"image\":{\"@id\":\"https:\\\/\\\/monpari.pl\\\/#\\\/schema\\\/logo\\\/image\\\/\"}}]}<\/script>\n<!-- \/ Yoast SEO plugin. -->","yoast_head_json":{"title":"Atomizer na Perfumy \u2013 Przeno\u015bna Buteleczka do Nape\u0142niania NIEBIESKI - Monpari.pl","robots":{"index":"index","follow":"follow","max-snippet":"max-snippet:-1","max-image-preview":"max-image-preview:large","max-video-preview":"max-video-preview:-1"},"canonical":"https:\/\/monpari.pl\/index.php\/produkt\/atomizer-na-perfumy-przenosna-buteleczka-do-napelniania-niebieski\/","og_locale":"pl_PL","og_type":"article","og_title":"Atomizer na Perfumy \u2013 Przeno\u015bna Buteleczka do Nape\u0142niania NIEBIESKI - Monpari.pl","og_description":"\u2728Idealny spos\u00f3b na ulubione perfumy zawsze pod r\u0119k\u0105!\u2728","og_url":"https:\/\/monpari.pl\/index.php\/produkt\/atomizer-na-perfumy-przenosna-buteleczka-do-napelniania-niebieski\/","og_site_name":"Monpari.pl","article_modified_time":"2025-04-03T12:16:23+00:00","og_image":[{"width":1200,"height":1200,"url":"https:\/\/monpari.pl\/wp-content\/uploads\/2025\/02\/atomizer-przenosna-buteleczka-na-perfumy-3.png","type":"image\/png"}],"twitter_card":"summary_large_image","twitter_misc":{"Szacowany czas czytania":"1 minuta"},"schema":{"@context":"https:\/\/schema.org","@graph":[{"@type":"WebPage","@id":"https:\/\/monpari.pl\/index.php\/produkt\/atomizer-na-perfumy-przenosna-buteleczka-do-napelniania-niebieski\/","url":"https:\/\/monpari.pl\/index.php\/produkt\/atomizer-na-perfumy-przenosna-buteleczka-do-napelniania-niebieski\/","name":"Atomizer na Perfumy \u2013 Przeno\u015bna Buteleczka do Nape\u0142niania NIEBIESKI - Monpari.pl","isPartOf":{"@id":"https:\/\/monpari.pl\/#website"},"primaryImageOfPage":{"@id":"https:\/\/monpari.pl\/index.php\/produkt\/atomizer-na-perfumy-przenosna-buteleczka-do-napelniania-niebieski\/#primaryimage"},"image":{"@id":"https:\/\/monpari.pl\/index.php\/produkt\/atomizer-na-perfumy-przenosna-buteleczka-do-napelniania-niebieski\/#primaryimage"},"thumbnailUrl":"https:\/\/monpari.pl\/wp-content\/uploads\/2025\/02\/atomizer-przenosna-buteleczka-na-perfumy-3.png","datePublished":"2025-02-26T21:39:13+00:00","dateModified":"2025-04-03T12:16:23+00:00","breadcrumb":{"@id":"https:\/\/monpari.pl\/index.php\/produkt\/atomizer-na-perfumy-przenosna-buteleczka-do-napelniania-niebieski\/#breadcrumb"},"inLanguage":"pl-PL","potentialAction":[{"@type":"ReadAction","target":["https:\/\/monpari.pl\/index.php\/produkt\/atomizer-na-perfumy-przenosna-buteleczka-do-napelniania-niebieski\/"]}]},{"@type":"ImageObject","inLanguage":"pl-PL","@id":"https:\/\/monpari.pl\/index.php\/produkt\/atomizer-na-perfumy-przenosna-buteleczka-do-napelniania-niebieski\/#primaryimage","url":"https:\/\/monpari.pl\/wp-content\/uploads\/2025\/02\/atomizer-przenosna-buteleczka-na-perfumy-3.png","contentUrl":"https:\/\/monpari.pl\/wp-content\/uploads\/2025\/02\/atomizer-przenosna-buteleczka-na-perfumy-3.png","width":1200,"height":1200},{"@type":"BreadcrumbList","@id":"https:\/\/monpari.pl\/index.php\/produkt\/atomizer-na-perfumy-przenosna-buteleczka-do-napelniania-niebieski\/#breadcrumb","itemListElement":[{"@type":"ListItem","position":1,"name":"Strona g\u0142\u00f3wna","item":"https:\/\/monpari.pl\/"},{"@type":"ListItem","position":2,"name":"Sklep","item":"https:\/\/monpari.pl\/index.php\/sklep\/"},{"@type":"ListItem","position":3,"name":"Atomizer na Perfumy \u2013 Przeno\u015bna Buteleczka do Nape\u0142niania NIEBIESKI"}]},{"@type":"WebSite","@id":"https:\/\/monpari.pl\/#website","url":"https:\/\/monpari.pl\/","name":"monpari.pl","description":"Klipsy, kolczyki, bi\u017cuteria dla dzieci, artyku\u0142y z postaciami popularnych bajek, prezenty","publisher":{"@id":"https:\/\/monpari.pl\/#organization"},"potentialAction":[{"@type":"SearchAction","target":{"@type":"EntryPoint","urlTemplate":"https:\/\/monpari.pl\/?s={search_term_string}"},"query-input":{"@type":"PropertyValueSpecification","valueRequired":true,"valueName":"search_term_string"}}],"inLanguage":"pl-PL"},{"@type":"Organization","@id":"https:\/\/monpari.pl\/#organization","name":"monpari.pl","url":"https:\/\/monpari.pl\/","logo":{"@type":"ImageObject","inLanguage":"pl-PL","@id":"https:\/\/monpari.pl\/#\/schema\/logo\/image\/","url":"https:\/\/monpari.pl\/wp-content\/uploads\/2023\/09\/MONPARI.png","contentUrl":"https:\/\/monpari.pl\/wp-content\/uploads\/2023\/09\/MONPARI.png","width":660,"height":378,"caption":"monpari.pl"},"image":{"@id":"https:\/\/monpari.pl\/#\/schema\/logo\/image\/"}}]}},"_links":{"self":[{"href":"https:\/\/monpari.pl\/index.php\/wp-json\/wp\/v2\/product\/4964","targetHints":{"allow":["GET"]}}],"collection":[{"href":"https:\/\/monpari.pl\/index.php\/wp-json\/wp\/v2\/product"}],"about":[{"href":"https:\/\/monpari.pl\/index.php\/wp-json\/wp\/v2\/types\/product"}],"replies":[{"embeddable":true,"href":"https:\/\/monpari.pl\/index.php\/wp-json\/wp\/v2\/comments?post=4964"}],"version-history":[{"count":3,"href":"https:\/\/monpari.pl\/index.php\/wp-json\/wp\/v2\/product\/4964\/revisions"}],"predecessor-version":[{"id":5043,"href":"https:\/\/monpari.pl\/index.php\/wp-json\/wp\/v2\/product\/4964\/revisions\/5043"}],"wp:featuredmedia":[{"embeddable":true,"href":"https:\/\/monpari.pl\/index.php\/wp-json\/wp\/v2\/media\/4966"}],"wp:attachment":[{"href":"https:\/\/monpari.pl\/index.php\/wp-json\/wp\/v2\/media?parent=4964"}],"wp:term":[{"taxonomy":"product_brand","embeddable":true,"href":"https:\/\/monpari.pl\/index.php\/wp-json\/wp\/v2\/product_brand?post=4964"},{"taxonomy":"product_cat","embeddable":true,"href":"https:\/\/monpari.pl\/index.php\/wp-json\/wp\/v2\/product_cat?post=4964"},{"taxonomy":"product_tag","embeddable":true,"href":"https:\/\/monpari.pl\/index.php\/wp-json\/wp\/v2\/product_tag?post=4964"}],"curies":[{"name":"wp","href":"https:\/\/api.w.org\/{rel}","templated":true}]}}