{"id":6377,"date":"2025-11-19T17:53:53","date_gmt":"2025-11-19T17:53:53","guid":{"rendered":"https:\/\/monpari.pl\/?post_type=product&#038;p=6377"},"modified":"2026-01-22T10:51:55","modified_gmt":"2026-01-22T10:51:55","slug":"tatuaze-tymczasowe-lilo-i-stitch-zestaw-bajkowe-wodne-swiecace-i-kolorowe","status":"publish","type":"product","link":"https:\/\/monpari.pl\/index.php\/produkt\/tatuaze-tymczasowe-lilo-i-stitch-zestaw-bajkowe-wodne-swiecace-i-kolorowe\/","title":{"rendered":"Tatua\u017ce tymczasowe Lilo i Stitch zestaw bajkowe wodne \u015bwiec\u0105ce i kolorowe"},"content":{"rendered":"<h3><strong>\u2728Tatua\u017ce tymczasowe dla dzieci Lilo i Stitch\u00a0 zestaw naklejek wodnych \u2013 \u015bwiec\u0105ce i kolorowe<\/strong><\/h3>\n<p>&nbsp;<\/p>\n<p><b>Zestaw tatua\u017cy tymczasowych Lilo i Stitch<\/b> to idealna zabawa dla ka\u017cdego ma\u0142ego fana tych uroczych bohater\u00f3w! Kolorowe, bajkowe wzory przedstawiaj\u0105ce Stitcha, Lilo i ich przyjaci\u00f3\u0142 sprawi\u0105, \u017ce ka\u017cde dziecko poczuje si\u0119 wyj\u0105tkowo.<\/p>\n<p>\u2b50Zestaw 4 arkuszy, 2 \u015bwiec\u0105 w ciemno\u015bci<\/p>\n<h4><b>Cechy produktu:<\/b><\/h4>\n<p>\u2705Bezpieczne dla dzieci \u2013 wykonane z nietoksycznych materia\u0142\u00f3w<\/p>\n<p>\u2705\u0141atwe w aplikacji \u2013 wystarczy przy\u0142o\u017cy\u0107 do sk\u00f3ry i zwil\u017cy\u0107 wod\u0105<\/p>\n<p>\u27052 arkusze wzor\u00f3w\u00a0<b>\u015bwiec\u0105 w ciemno\u015bci<\/b><\/p>\n<p>\u2705Trwa\u0142e \u2013 utrzymuj\u0105 si\u0119 na sk\u00f3rze nawet kilka dni<\/p>\n<p>\u2705R\u00f3\u017cnorodne wzory \u2013 Lilo, Stitch, Angel i inne postacie z bajki<\/p>\n<p>\ud83d\udce6 W zestawie kilka arkuszy tatua\u017cy (r\u00f3\u017cne wzory jak na zdj\u0119ciu)<\/p>\n<h4>\ud83d\udd76\ufe0f <strong>Idealne na:<\/strong><\/h4>\n<ul>\n<li>urodziny<\/li>\n<li>kinderbale<\/li>\n<li>festyny, imprezy tematyczne<\/li>\n<li>drobny prezent lub upominek dla dziecka&nbsp;<\/li>\n<\/ul>\n<div class=\"item item-6\">\n<div class=\"image-item-container\">\n<h4 class=\"image-item\"><b>\u2714\ufe0fJak u\u017cywa\u0107:<\/b><\/h4>\n<\/div>\n<\/div>\n<div class=\"item item-6\">\n<div class=\"text-item\">\n<div class=\"text-content\">\n<div class=\"item item-6\">\n<div class=\"text-item\">\n<div class=\"text-content\">\n<ol>\n<li>Odetnij wybrany wz\u00f3r.<\/li>\n<li>Usu\u0144 foli\u0119 ochronn\u0105.<\/li>\n<li>Przy\u0142\u00f3\u017c tatua\u017c do sk\u00f3ry (obrazkiem do sk\u00f3ry).<\/li>\n<li>Zwil\u017c papier wod\u0105 i przytrzymaj 20\u201330 sekund.<\/li>\n<li>Delikatnie zdejmij papier i pozw\u00f3l wyschn\u0105\u0107.<\/li>\n<\/ol>\n<\/div>\n<\/div>\n<\/div>\n<\/div>\n<\/div>\n<\/div>\n","protected":false},"excerpt":{"rendered":"<p><b>\u2764\ufe0fZestaw tatua\u017cy tymczasowych Lilo i Stitch<\/b> to idealna zabawa dla ka\u017cdego ma\u0142ego fana tych uroczych bohater\u00f3w!<\/p>\n","protected":false},"featured_media":6384,"comment_status":"open","ping_status":"closed","template":"","meta":{"_seopress_robots_primary_cat":"","_seopress_titles_title":"Tatua\u017ce tymczasowe Lilo i Stitch zestaw bajkowe wodne \u015bwiec\u0105ce i kolorowe","_seopress_titles_desc":"Zestaw tatua\u017cy tymczasowych Lilo i Stitch to idealna zabawa dla ka\u017cdego ma\u0142ego fana tych uroczych bohater\u00f3w! Kolorowe, bajkowe wzory przedstawiaj\u0105ce Stitcha, Lilo i ich przyjaci\u00f3\u0142 sprawi\u0105, \u017ce ka\u017cde dziecko poczuje si\u0119 wyj\u0105tkowo.","_seopress_robots_index":""},"product_brand":[],"product_cat":[457,77,464],"product_tag":[],"class_list":{"0":"post-6377","1":"product","2":"type-product","3":"status-publish","4":"has-post-thumbnail","6":"product_cat-naklejki","7":"product_cat-nowosci","8":"product_cat-tatuaze","10":"first","11":"instock","12":"taxable","13":"shipping-taxable","14":"purchasable","15":"product-type-simple"},"yoast_head":"<!-- This site is optimized with the Yoast SEO plugin v27.4 - https:\/\/yoast.com\/product\/yoast-seo-wordpress\/ -->\n<title>Tatua\u017ce tymczasowe Lilo i Stitch zestaw bajkowe wodne \u015bwiec\u0105ce i kolorowe - Monpari.pl<\/title>\n<meta name=\"robots\" content=\"index, follow, max-snippet:-1, max-image-preview:large, max-video-preview:-1\" \/>\n<link rel=\"canonical\" href=\"https:\/\/monpari.pl\/index.php\/produkt\/tatuaze-tymczasowe-lilo-i-stitch-zestaw-bajkowe-wodne-swiecace-i-kolorowe\/\" \/>\n<meta property=\"og:locale\" content=\"pl_PL\" \/>\n<meta property=\"og:type\" content=\"article\" \/>\n<meta property=\"og:title\" content=\"Tatua\u017ce tymczasowe Lilo i Stitch zestaw bajkowe wodne \u015bwiec\u0105ce i kolorowe - Monpari.pl\" \/>\n<meta property=\"og:description\" content=\"\u2764\ufe0fZestaw tatua\u017cy tymczasowych Lilo i Stitch to idealna zabawa dla ka\u017cdego ma\u0142ego fana tych uroczych bohater\u00f3w!\" \/>\n<meta property=\"og:url\" content=\"https:\/\/monpari.pl\/index.php\/produkt\/tatuaze-tymczasowe-lilo-i-stitch-zestaw-bajkowe-wodne-swiecace-i-kolorowe\/\" \/>\n<meta property=\"og:site_name\" content=\"Monpari.pl\" \/>\n<meta property=\"article:modified_time\" content=\"2026-01-22T10:51:55+00:00\" \/>\n<meta property=\"og:image\" content=\"https:\/\/monpari.pl\/wp-content\/uploads\/2025\/11\/monpari-tatuaze-wodne-dla-dzieci-zabawa-prezent.webp\" \/>\n\t<meta property=\"og:image:width\" content=\"2560\" \/>\n\t<meta property=\"og:image:height\" content=\"2560\" \/>\n\t<meta property=\"og:image:type\" content=\"image\/webp\" \/>\n<meta name=\"twitter:card\" content=\"summary_large_image\" \/>\n<meta name=\"twitter:label1\" content=\"Szacowany czas czytania\" \/>\n\t<meta name=\"twitter:data1\" content=\"1 minuta\" \/>\n<script type=\"application\/ld+json\" class=\"yoast-schema-graph\">{\"@context\":\"https:\\\/\\\/schema.org\",\"@graph\":[{\"@type\":\"WebPage\",\"@id\":\"https:\\\/\\\/monpari.pl\\\/index.php\\\/produkt\\\/tatuaze-tymczasowe-lilo-i-stitch-zestaw-bajkowe-wodne-swiecace-i-kolorowe\\\/\",\"url\":\"https:\\\/\\\/monpari.pl\\\/index.php\\\/produkt\\\/tatuaze-tymczasowe-lilo-i-stitch-zestaw-bajkowe-wodne-swiecace-i-kolorowe\\\/\",\"name\":\"Tatua\u017ce tymczasowe Lilo i Stitch zestaw bajkowe wodne \u015bwiec\u0105ce i kolorowe - Monpari.pl\",\"isPartOf\":{\"@id\":\"https:\\\/\\\/monpari.pl\\\/#website\"},\"primaryImageOfPage\":{\"@id\":\"https:\\\/\\\/monpari.pl\\\/index.php\\\/produkt\\\/tatuaze-tymczasowe-lilo-i-stitch-zestaw-bajkowe-wodne-swiecace-i-kolorowe\\\/#primaryimage\"},\"image\":{\"@id\":\"https:\\\/\\\/monpari.pl\\\/index.php\\\/produkt\\\/tatuaze-tymczasowe-lilo-i-stitch-zestaw-bajkowe-wodne-swiecace-i-kolorowe\\\/#primaryimage\"},\"thumbnailUrl\":\"https:\\\/\\\/monpari.pl\\\/wp-content\\\/uploads\\\/2025\\\/11\\\/monpari-tatuaze-wodne-dla-dzieci-zabawa-prezent.webp\",\"datePublished\":\"2025-11-19T17:53:53+00:00\",\"dateModified\":\"2026-01-22T10:51:55+00:00\",\"breadcrumb\":{\"@id\":\"https:\\\/\\\/monpari.pl\\\/index.php\\\/produkt\\\/tatuaze-tymczasowe-lilo-i-stitch-zestaw-bajkowe-wodne-swiecace-i-kolorowe\\\/#breadcrumb\"},\"inLanguage\":\"pl-PL\",\"potentialAction\":[{\"@type\":\"ReadAction\",\"target\":[\"https:\\\/\\\/monpari.pl\\\/index.php\\\/produkt\\\/tatuaze-tymczasowe-lilo-i-stitch-zestaw-bajkowe-wodne-swiecace-i-kolorowe\\\/\"]}]},{\"@type\":\"ImageObject\",\"inLanguage\":\"pl-PL\",\"@id\":\"https:\\\/\\\/monpari.pl\\\/index.php\\\/produkt\\\/tatuaze-tymczasowe-lilo-i-stitch-zestaw-bajkowe-wodne-swiecace-i-kolorowe\\\/#primaryimage\",\"url\":\"https:\\\/\\\/monpari.pl\\\/wp-content\\\/uploads\\\/2025\\\/11\\\/monpari-tatuaze-wodne-dla-dzieci-zabawa-prezent.webp\",\"contentUrl\":\"https:\\\/\\\/monpari.pl\\\/wp-content\\\/uploads\\\/2025\\\/11\\\/monpari-tatuaze-wodne-dla-dzieci-zabawa-prezent.webp\",\"width\":2560,\"height\":2560,\"caption\":\"tatua\u017ce-wodne-stitch-\u015bwiec\u0105ce\"},{\"@type\":\"BreadcrumbList\",\"@id\":\"https:\\\/\\\/monpari.pl\\\/index.php\\\/produkt\\\/tatuaze-tymczasowe-lilo-i-stitch-zestaw-bajkowe-wodne-swiecace-i-kolorowe\\\/#breadcrumb\",\"itemListElement\":[{\"@type\":\"ListItem\",\"position\":1,\"name\":\"Strona g\u0142\u00f3wna\",\"item\":\"https:\\\/\\\/monpari.pl\\\/\"},{\"@type\":\"ListItem\",\"position\":2,\"name\":\"Sklep\",\"item\":\"https:\\\/\\\/monpari.pl\\\/index.php\\\/sklep\\\/\"},{\"@type\":\"ListItem\",\"position\":3,\"name\":\"Tatua\u017ce tymczasowe Lilo i Stitch zestaw bajkowe wodne \u015bwiec\u0105ce i kolorowe\"}]},{\"@type\":\"WebSite\",\"@id\":\"https:\\\/\\\/monpari.pl\\\/#website\",\"url\":\"https:\\\/\\\/monpari.pl\\\/\",\"name\":\"monpari.pl\",\"description\":\"Klipsy, kolczyki, bi\u017cuteria dla dzieci, artyku\u0142y z postaciami popularnych bajek, prezenty\",\"publisher\":{\"@id\":\"https:\\\/\\\/monpari.pl\\\/#organization\"},\"potentialAction\":[{\"@type\":\"SearchAction\",\"target\":{\"@type\":\"EntryPoint\",\"urlTemplate\":\"https:\\\/\\\/monpari.pl\\\/?s={search_term_string}\"},\"query-input\":{\"@type\":\"PropertyValueSpecification\",\"valueRequired\":true,\"valueName\":\"search_term_string\"}}],\"inLanguage\":\"pl-PL\"},{\"@type\":\"Organization\",\"@id\":\"https:\\\/\\\/monpari.pl\\\/#organization\",\"name\":\"monpari.pl\",\"url\":\"https:\\\/\\\/monpari.pl\\\/\",\"logo\":{\"@type\":\"ImageObject\",\"inLanguage\":\"pl-PL\",\"@id\":\"https:\\\/\\\/monpari.pl\\\/#\\\/schema\\\/logo\\\/image\\\/\",\"url\":\"https:\\\/\\\/monpari.pl\\\/wp-content\\\/uploads\\\/2023\\\/09\\\/MONPARI.png\",\"contentUrl\":\"https:\\\/\\\/monpari.pl\\\/wp-content\\\/uploads\\\/2023\\\/09\\\/MONPARI.png\",\"width\":660,\"height\":378,\"caption\":\"monpari.pl\"},\"image\":{\"@id\":\"https:\\\/\\\/monpari.pl\\\/#\\\/schema\\\/logo\\\/image\\\/\"}}]}<\/script>\n<!-- \/ Yoast SEO plugin. -->","yoast_head_json":{"title":"Tatua\u017ce tymczasowe Lilo i Stitch zestaw bajkowe wodne \u015bwiec\u0105ce i kolorowe - Monpari.pl","robots":{"index":"index","follow":"follow","max-snippet":"max-snippet:-1","max-image-preview":"max-image-preview:large","max-video-preview":"max-video-preview:-1"},"canonical":"https:\/\/monpari.pl\/index.php\/produkt\/tatuaze-tymczasowe-lilo-i-stitch-zestaw-bajkowe-wodne-swiecace-i-kolorowe\/","og_locale":"pl_PL","og_type":"article","og_title":"Tatua\u017ce tymczasowe Lilo i Stitch zestaw bajkowe wodne \u015bwiec\u0105ce i kolorowe - Monpari.pl","og_description":"\u2764\ufe0fZestaw tatua\u017cy tymczasowych Lilo i Stitch to idealna zabawa dla ka\u017cdego ma\u0142ego fana tych uroczych bohater\u00f3w!","og_url":"https:\/\/monpari.pl\/index.php\/produkt\/tatuaze-tymczasowe-lilo-i-stitch-zestaw-bajkowe-wodne-swiecace-i-kolorowe\/","og_site_name":"Monpari.pl","article_modified_time":"2026-01-22T10:51:55+00:00","og_image":[{"width":2560,"height":2560,"url":"https:\/\/monpari.pl\/wp-content\/uploads\/2025\/11\/monpari-tatuaze-wodne-dla-dzieci-zabawa-prezent.webp","type":"image\/webp"}],"twitter_card":"summary_large_image","twitter_misc":{"Szacowany czas czytania":"1 minuta"},"schema":{"@context":"https:\/\/schema.org","@graph":[{"@type":"WebPage","@id":"https:\/\/monpari.pl\/index.php\/produkt\/tatuaze-tymczasowe-lilo-i-stitch-zestaw-bajkowe-wodne-swiecace-i-kolorowe\/","url":"https:\/\/monpari.pl\/index.php\/produkt\/tatuaze-tymczasowe-lilo-i-stitch-zestaw-bajkowe-wodne-swiecace-i-kolorowe\/","name":"Tatua\u017ce tymczasowe Lilo i Stitch zestaw bajkowe wodne \u015bwiec\u0105ce i kolorowe - Monpari.pl","isPartOf":{"@id":"https:\/\/monpari.pl\/#website"},"primaryImageOfPage":{"@id":"https:\/\/monpari.pl\/index.php\/produkt\/tatuaze-tymczasowe-lilo-i-stitch-zestaw-bajkowe-wodne-swiecace-i-kolorowe\/#primaryimage"},"image":{"@id":"https:\/\/monpari.pl\/index.php\/produkt\/tatuaze-tymczasowe-lilo-i-stitch-zestaw-bajkowe-wodne-swiecace-i-kolorowe\/#primaryimage"},"thumbnailUrl":"https:\/\/monpari.pl\/wp-content\/uploads\/2025\/11\/monpari-tatuaze-wodne-dla-dzieci-zabawa-prezent.webp","datePublished":"2025-11-19T17:53:53+00:00","dateModified":"2026-01-22T10:51:55+00:00","breadcrumb":{"@id":"https:\/\/monpari.pl\/index.php\/produkt\/tatuaze-tymczasowe-lilo-i-stitch-zestaw-bajkowe-wodne-swiecace-i-kolorowe\/#breadcrumb"},"inLanguage":"pl-PL","potentialAction":[{"@type":"ReadAction","target":["https:\/\/monpari.pl\/index.php\/produkt\/tatuaze-tymczasowe-lilo-i-stitch-zestaw-bajkowe-wodne-swiecace-i-kolorowe\/"]}]},{"@type":"ImageObject","inLanguage":"pl-PL","@id":"https:\/\/monpari.pl\/index.php\/produkt\/tatuaze-tymczasowe-lilo-i-stitch-zestaw-bajkowe-wodne-swiecace-i-kolorowe\/#primaryimage","url":"https:\/\/monpari.pl\/wp-content\/uploads\/2025\/11\/monpari-tatuaze-wodne-dla-dzieci-zabawa-prezent.webp","contentUrl":"https:\/\/monpari.pl\/wp-content\/uploads\/2025\/11\/monpari-tatuaze-wodne-dla-dzieci-zabawa-prezent.webp","width":2560,"height":2560,"caption":"tatua\u017ce-wodne-stitch-\u015bwiec\u0105ce"},{"@type":"BreadcrumbList","@id":"https:\/\/monpari.pl\/index.php\/produkt\/tatuaze-tymczasowe-lilo-i-stitch-zestaw-bajkowe-wodne-swiecace-i-kolorowe\/#breadcrumb","itemListElement":[{"@type":"ListItem","position":1,"name":"Strona g\u0142\u00f3wna","item":"https:\/\/monpari.pl\/"},{"@type":"ListItem","position":2,"name":"Sklep","item":"https:\/\/monpari.pl\/index.php\/sklep\/"},{"@type":"ListItem","position":3,"name":"Tatua\u017ce tymczasowe Lilo i Stitch zestaw bajkowe wodne \u015bwiec\u0105ce i kolorowe"}]},{"@type":"WebSite","@id":"https:\/\/monpari.pl\/#website","url":"https:\/\/monpari.pl\/","name":"monpari.pl","description":"Klipsy, kolczyki, bi\u017cuteria dla dzieci, artyku\u0142y z postaciami popularnych bajek, prezenty","publisher":{"@id":"https:\/\/monpari.pl\/#organization"},"potentialAction":[{"@type":"SearchAction","target":{"@type":"EntryPoint","urlTemplate":"https:\/\/monpari.pl\/?s={search_term_string}"},"query-input":{"@type":"PropertyValueSpecification","valueRequired":true,"valueName":"search_term_string"}}],"inLanguage":"pl-PL"},{"@type":"Organization","@id":"https:\/\/monpari.pl\/#organization","name":"monpari.pl","url":"https:\/\/monpari.pl\/","logo":{"@type":"ImageObject","inLanguage":"pl-PL","@id":"https:\/\/monpari.pl\/#\/schema\/logo\/image\/","url":"https:\/\/monpari.pl\/wp-content\/uploads\/2023\/09\/MONPARI.png","contentUrl":"https:\/\/monpari.pl\/wp-content\/uploads\/2023\/09\/MONPARI.png","width":660,"height":378,"caption":"monpari.pl"},"image":{"@id":"https:\/\/monpari.pl\/#\/schema\/logo\/image\/"}}]}},"_links":{"self":[{"href":"https:\/\/monpari.pl\/index.php\/wp-json\/wp\/v2\/product\/6377","targetHints":{"allow":["GET"]}}],"collection":[{"href":"https:\/\/monpari.pl\/index.php\/wp-json\/wp\/v2\/product"}],"about":[{"href":"https:\/\/monpari.pl\/index.php\/wp-json\/wp\/v2\/types\/product"}],"replies":[{"embeddable":true,"href":"https:\/\/monpari.pl\/index.php\/wp-json\/wp\/v2\/comments?post=6377"}],"version-history":[{"count":1,"href":"https:\/\/monpari.pl\/index.php\/wp-json\/wp\/v2\/product\/6377\/revisions"}],"predecessor-version":[{"id":6385,"href":"https:\/\/monpari.pl\/index.php\/wp-json\/wp\/v2\/product\/6377\/revisions\/6385"}],"wp:featuredmedia":[{"embeddable":true,"href":"https:\/\/monpari.pl\/index.php\/wp-json\/wp\/v2\/media\/6384"}],"wp:attachment":[{"href":"https:\/\/monpari.pl\/index.php\/wp-json\/wp\/v2\/media?parent=6377"}],"wp:term":[{"taxonomy":"product_brand","embeddable":true,"href":"https:\/\/monpari.pl\/index.php\/wp-json\/wp\/v2\/product_brand?post=6377"},{"taxonomy":"product_cat","embeddable":true,"href":"https:\/\/monpari.pl\/index.php\/wp-json\/wp\/v2\/product_cat?post=6377"},{"taxonomy":"product_tag","embeddable":true,"href":"https:\/\/monpari.pl\/index.php\/wp-json\/wp\/v2\/product_tag?post=6377"}],"curies":[{"name":"wp","href":"https:\/\/api.w.org\/{rel}","templated":true}]}}